 are the prime factors of z?
7, 31
Suppose x - 4*m + 2 - 3 = 0, m + 49 = 4*x. Let a = x + -9. Suppose t - 44 = -a*l - 3*t, -4*l = -3*t - 37. What are the prime factors of l?
2, 5
Let r = 37 - 34. What are the prime factors of r - (12/(-4) - 39)?
3, 5
Suppose -2 - 4 = -3*v. Suppose -v*t + 3 + 3 = 0. Suppose -5*i = 3*w - 107, -t*w = -0*w + 2*i - 104. What are the prime factors of w?
2, 17
Let w be (3/((-3)/2))/(2/2). Let a(h) = -11*h - h - 3*h + 3 - 4*h. What are the prime factors of a(w)?
41
Let p = 9 + -8. Let z be 21/(-14)*(p + -3). Suppose -5*y = -r - 2*y - 3, -2*r + 30 = z*y. What are the prime factors of r?
3
Let w(m) = -337*m + 1. Let j be w(1). Let q = j + 508. List the prime factors of q.
2, 43
Let x be 0*(6/12 + (-1)/1). Suppose x = o + o - 122. What are the prime factors of o?
61
Let m = 1 - 26. List the prime factors of ((-120)/m)/((-2)/(-25)).
2, 3, 5
Suppose -5*d = -0*d. Let u be 7*(-3)/(-4 + 1). Suppose d = 4*k + u - 35. List the prime factors of k.
7
Suppose r - 108 = -5*o, -2*o - 119 = -3*r + 154. List the prime factors of r.
3, 31
Suppose 0 = 15*c - 8*c - 14357. List the prime factors of c.
7, 293
Let d(b) = -b**2 - 12*b - 4. Let o be d(-12). What are the prime factors of (-756)/(-24)*o/(-6)?
3, 7
Suppose 2*i - 15 + 5 = 0. Suppose -5*a - 198 = -i*r - 28, 188 = 5*r + 4*a. List the prime factors of r.
2, 3
Let f = 6 - 1. Let m(p) = p + 18. Let n be m(-14). Suppose w = -f*v + 102, 1 = -v + n*w + 13. What are the prime factors of v?
2, 5
Let m be -9 + 1 - (2 - 4). Let d be (m/(-4))/((-1)/(-2)). What are the prime factors of 105/d + (2 - 0)?
37
Suppose -51 = 12*j - 9*j. Let b(x) = x**3 + 16*x**2 - 19*x - 8. List the prime factors of b(j).
2, 13
Let g(x) = -x**2 + 10*x. What are the prime factors of g(1)?
3
Suppose 5 = 5*y - 10. Let c be (-102)/(-9) - (-2)/y. Let a = 22 - c. List the prime factors of a.
2, 5
Suppose 3*t + 5*a - 41 = 0, 3*t + 5*a - 2*a - 39 = 0. Suppose -78 = -18*m + t*m. What are the prime factors of m?
13
Suppose -112*g + 105*g = -2961. List the prime factors of g.
3, 47
Suppose -3*d + 15 = 36. Let s be (-2)/4 - d/(-2). What are the prime factors of 32 - (-4)/(s/(-3))?
5, 7
Let g(y) = y**3 + 7*y**2 - 8*y + 10. Let v be 6/(-4)*204/18. Let m = v - -9. What are the prime factors of g(m)?
2, 5
Let w = -351 - -3829. What are the prime factors of w?
2, 37, 47
List the prime factors of (-76034)/(-38) - (11 - (-2954)/(-266)).
3, 23, 29
Let k(l) = l**3 + 23*l**2 - 52*l + 11. List the prime factors of k(-24).
683
Let d be (1 + 60)*(-1 + 2). Let j = 210 + -226. Let z = d + j. List the prime factors of z.
3, 5
Let f(s) = 3*s + 10. Let x be f(5). Let p = 81 + x. What are the prime factors of p?
2, 53
Let z be (-16)/(2065/(-685) - -3). Suppose -4*k - z = -8*k. What are the prime factors of k?
2, 137
Suppose -12*w = -17*w + 10. Let u(q) = q**3 + 0*q**3 - 4 + 5*q**2 - 3*q - 6*q**2 - w*q**3. What are the prime factors of u(-4)?
2, 7
Let b(s) = -s - 5. Let j be b(-7). Let p(h) = -2*h + 0 + 3 - j*h + 5*h. What are the prime factors of p(8)?
11
Suppose 74720 = -7*v + 47*v. What are the prime factors of v?
2, 467
Let w = 537 - -1543. What are the prime factors of w?
2, 5, 13
Suppose 0 = 4*s + 17 - 1. Let z be (6 + 14)*3/5. Let l = s + z. List the prime factors of l.
2
Let l(x) = -16*x**2 - 1. Suppose 2 = 2*v + 2*f, 0 = -0*v - 2*v - 5*f + 8. Let o be l(v). List the prime factors of (o + -4)/(1/(-2)).
2, 3, 7
Let b(r) = 37*r - 3. Let a be b(1). Suppose -a = -d + 2. List the prime factors of (8/(-6))/((-16)/d).
3
Let t(c) = -2*c**2 - 34*c - 16. Let n be t(-16). Suppose -n*k = -3*k - 2496. List the prime factors of k.
2, 3
Let m be (-31)/(-11) + (-6)/(-33). Suppose 2*s = m*c + 60, -4*c + 9 = s + 1. What are the prime factors of s?
2, 3
Let g(r) = r - 3. Let n be g(7). Let c(m) = 5*m**3 + m**2 - 9*m + 9. What are the prime factors of c(n)?
3, 103
Let q(f) = 4*f + 1. Let y be q(5). Suppose 0 = -8*p + 5*p + y. List the prime factors of p/(14/(-4)) + 38.
2, 3
Let o(h) = -h**3 + 20*h**2 + 32*h - 68. List the prime factors of o(17).
17, 79
Let p = -2564 + 5264. List the prime factors of p.
2, 3, 5
Let l = 32 - -6. Suppose 9 = t - l. List the prime factors of t.
47
Let m(y) = 18*y - 1. Let x = 2 + 9. Suppose 5*g - 3*l = x, -3*l + 7*l = 3*g - 11. What are the prime factors of m(g)?
17
Let b(z) = z + 8. Let q be b(4). Let d = q + -12. Suppose 5*w + d*w + 110 = 5*u, 0 = 2*w. List the prime factors of u.
2, 11
Suppose 1915 = 4*b + 3*a, 25*a - 21*a + 930 = 2*b. List the prime factors of b.
5, 19
Suppose -2*v - 1270 = -4*w, 6*v + 4 = 2*v. Suppose -658 = -5*j + w. List the prime factors of j.
3, 5, 13
Let t = -17 + -6. Let o = 28 + t. What are the prime factors of o?
5
Let r(q) = 170*q**2 - 6*q - 17. List the prime factors of r(-2).
3, 5
Let t = -32 - -102. Suppose 0 = 2*v - t + 28. Suppose 2*h = i + 30, v + 43 = 4*h - i. List the prime factors of h.
17
Let q be (4 + 25/5)*4. Let o = 42 - q. List the prime factors of o.
2, 3
Let a be (24*1)/((-6)/9). Let r = a + 26. List the prime factors of 4/(-6)*30/r.
2
Suppose 0 = -4*a + 1 + 107. Let v = a + -16. Suppose v = -0*g + g. What are the prime factors of g?
11
Suppose -140 + 30 = 5*r. What are the prime factors of (-123)/(4 - r/(-4))?
2, 41
Let v = 243 + -38. Suppose 4*b + b - v = 0. Let u = b + 11. List the prime factors of u.
2, 13
Suppose -3*p - 2*a = -769, 3*p - 2*a - 828 = -55. List the prime factors of p.
257
Let z(j) be the second derivative of -1/10*j**5 + 5*j - 1/3*j**3 - 5/2*j**2 + 0 - 1/2*j**4. What are the prime factors of z(-4)?
5, 7
Let x be 32/(-56) + 1314/21. Suppose 4*u - 10 = -122. Let o = x + u. List the prime factors of o.
2, 17
Let u be (-64 + 0)/((-16)/272). Suppose 0 = 8*x - 376 - u. What are the prime factors of x?
3, 61
Let r = 21 - 18. Suppose -2*j + 2*i - 5*i + 117 = 0, -208 = -r*j + 2*i. What are the prime factors of j?
2, 3, 11
Let u be 2/(-11) + (-34)/(-187). Suppose 3*j = -u*j. Suppose j = -p + 6*p - 210. What are the prime factors of p?
2, 3, 7
Let n be 2/(-4) + 1/(-2). Let j = 149 - n. List the prime factors of j.
2, 3, 5
Let b be -2 - (-3 - -5 - 1). Let d be ((-25)/15)/(b/9). Suppose 5*y = 5*g - 265, -d*g - 2*y + 187 + 43 = 0. List the prime factors of g.
2, 3
Let p be 3*(2 + 61 - 2). Suppose -2*m - 5*y = 32 - p, -2 = -2*y. What are the prime factors of m?
73
Let m(j) = j**2 + 24*j + 78. Suppose -5*l + 3*f - 123 + 18 = 0, 3*l + 47 = 5*f. What are the prime factors of m(l)?
2, 3, 13
Let d(z) be the first derivative of z**5/30 - z**4/12 - 3*z**2 + 4. Let u(v) be the second derivative of d(v). What are the prime factors of u(2)?
2
Suppose -m - 1 - 9 = 2*n, -3*m = -4*n. Let w be (n - -5)/((-3)/(-6)). Suppose 149 - 29 = w*t. What are the prime factors of t?
2, 3, 5
Suppose 0 = -4*z + 3*w - 83, -z - 6*w = -2*w + 16. Let s = 43 + z. What are the prime factors of s?
23
Let p(l) = 431*l**3 + 5*l - 5. List the prime factors of p(1).
431
List the prime factors of -15*(-3)/(-36) + 2242/8.
3, 31
List the prime factors of 36/45 - 10324/(-20).
11, 47
Let v be 1104/10 - (-12)/20. Let n = -363 + 511. Suppose 4*t - 4*x - n = 0, -2*t = t + 5*x - v. List the prime factors of t.
37
Let z = -1191 + 1988. List the prime factors of z.
797
What are the prime factors of 76*((-4)/(-46) - 5670/(-1449))?
2, 19
Let z = -16 + 20. Suppose -6*r + 30 = -z*r. What are the prime factors of r?
3, 5
Let i = 6 + -5. Let x be (i*-1)/(10/(-610)). Suppose -x = -3*m - u, 3*m = -3*u - u + 73. List the prime factors of m.
19
Let u(v) = -v**2 - 2*v + 5. Let p be u(0). Suppose -p*z = -j - 144, -2*z - j = -49 - 3. What are the prime factors of z?
2, 7
Suppose 0 = -3*p - 11 + 17. What are the prime factors of (-69)/3*p*2/(-4)?
23
Suppose -15*a - 4617 = -16572. List the prime factors of a.
797
Suppose 0 = i - 113 - 175. Suppose -48*p + 45*p + i = 0. List the prime factors of p.
2, 3
Suppose -6 = o + 2*r, -13 = -4*o + 3*r + 7. List the prime factors of (o/2)/(-6 - 5622/(-936)).
2, 3, 13
What are the prime factors of (920 - (11 + -26))/((-2)/(-4))?
2, 5, 11, 17
Suppose 0 = -2*y - 2*y + 8. Suppose y = 2*a, -2*s = a - 2*a + 13. List the prime factors of s/(-1)*(-9)/(-3).
2, 3
Suppose -i - 4*o + 0 + 20 = 0, -o = 4*i - 20. Suppose s - 186 = -2*s + 3*t, 0 = -i*s + t + 236. List the prime factors of s.
2, 29
Suppose 4*u - 2*u